ed by h?
0
Suppose -17*m + 15 = -70. Suppose -26*d + 29*d - 5 = -m*h, d = h - 9. Calculate the remainder when 126 is divided by h.
2
Let l = 6288 + -6260. What is the remainder when 1146 is divided by l?
26
Suppose -2*g + 14*n - 11*n + 30 = 0, 3*g - 5*n - 45 = 0. Let f = -39 - -78. What is the remainder when f is divided by g?
9
Suppose -1168 = 19*d - 15*d. Let w = d + 414. Calculate the remainder when w is divided by 16.
10
What is the remainder when 1196 is divided by 70810/584 - (-5)/(-4)?
116
Suppose -39*a + 33*a + 4*o + 186 = 0, 0 = -2*a + 5*o + 84. What is the remainder when 1591 is divided by a?
25
Let n = 6 + -4. Suppose -n*t + 3*t - 7 = 0. Suppose 0 = -13*d + 249 - 197. Calculate the remainder when t is divided by d.
3
Let a(j) be the second derivative of j**3/3 - 15*j**2/2 - j. Suppose 158*w - 24 = 155*w. Calculate the remainder when 3 is divided by a(w).
0
Let o be (-6)/24 + 0 + 34/8. Suppose 7 = 2*d - 3*p, o*d - 21 = 3*p - 4*p. Calculate the remainder when ((-150)/(-35))/((-2)/(-7)) is divided by d.
0
Let k = 978 - 963. Suppose 0 = 2*b - 50 - 98. What is the remainder when b is divided by k?
14
Let m = -23 - -42. What is the remainder when 73/2 - (-25)/50 is divided by m?
18
Let x(w) = -45*w + 328. Let j(k) = -k**3 + 4*k**2 + 12*k - 5. Calculate the remainder when j(-4) is divided by x(7).
10
Calculate the remainder when (16304/(-64))/(24/(-96)) is divided by 16.
11
Suppose 2*i = 22 - 0. Suppose 48 = -3*v + i*v. Calculate the remainder when 38 is divided by v.
2
Let m(t) = -3*t**2 - 70*t - 131. Calculate the remainder when 11482 is divided by m(-21).
10
Calculate the remainder when ((-315)/189)/(10/(-9414)) is divided by 313.
4
Let l(m) = -7*m**2 + 47*m - 44. Let t(w) = -3*w**2 + 23*w - 22. Let d(g) = 4*l(g) - 9*t(g). What is the remainder when d(-15) is divided by 33?
16
Suppose w = 8 - 5. Let a(n) = 1. Let l(b) = b + 9. Let y(q) = -5*a(q) + l(q). What is the remainder when y(6) is divided by w?
1
Calculate the remainder when 16654/(-704)*8*-16 is divided by 25.
3
Suppose 8*q - 9*q = -1068. Suppose q = -2*u + 8*u. Let b = u - 94. What is the remainder when b is divided by 29?
26
Let x = 823366 + -823307. Suppose 820 = d + 4*d. What is the remainder when d is divided by x?
46
Let r = 84 - 81. Calculate the remainder when 12/(-2)*(r - (-266)/(-4)) is divided by 32.
29
Let i(c) be the third derivative of c**5/3 + c**4/2 - 23*c**3/3 + 155*c**2. What is the remainder when i(5) is divided by 47?
44
Let l = 17 - 10. Let y(h) = 6*h**3 + 22*h**2 - 26*h - 108. Calculate the remainder when l is divided by y(-3).
1
Let y = 21 - 4. Let a(h) = 5*h - 7. Let u be a(-17). Let f = 139 + u. Calculate the remainder when f is divided by y.
13
Suppose 126*c = -4*p + 125*c + 77, -88 = -5*p - 4*c. What is the remainder when 1356 is divided by p?
16
Suppose 7*l - 12741 = 2849 + 12998. What is the remainder when l is divided by 43?
42
Let d = -1 + 17. Calculate the remainder when 3 + (3 - -1) + 71 + 13 is divided by d.
11
What is the remainder when (-9)/((-18)/2399) + ((-21)/(-6) - 2) is divided by 122?
103
Let m(s) = 2*s + 35. Suppose 0 = 5*y + h + 42, -h + 6*h = 15. Let a be m(y). Suppose -71 = a*b - 18*b. What is the remainder when b is divided by 24?
23
Let h(c) = -253*c - 10325. Calculate the remainder when h(-41) is divided by 24.
0
Suppose 0 = -0*t + 5*t - 25. Suppose 39 = -2*y - 3*w + 148, t = -5*w. Let s = y - 33. What is the remainder when s is divided by 8?
7
Suppose 174*c - 178*c = -104. Let m(a) = 2*a**2 + 4*a + 3. Let i be m(-2). What is the remainder when (-2)/6 - (-226)/i is divided by c?
23
Let p(y) be the third derivative of -y**6/120 + 2*y**5/15 + y**4/24 - y**3/3 - 4*y**2. Calculate the remainder when p(7) is divided by (19/(-3))/((-12)/36).
16
Let s = 2759 - 2686. What is the remainder when s is divided by 1?
0
Let t(m) = 31*m + 927. Let a be t(0). Suppose -25*h = -873 - a. Calculate the remainder when 282 is divided by h.
66
Suppose -3*p + 664 = 3*i + 136, -4*i + 2315 = 13*p. Calculate the remainder when 883 is divided by p.
167
Let j be 2/(-4) - 245/(-2). Suppose 9*m = 4*m - 2*x - 255, -3*m = -5*x + 153. Let a = j + m. Calculate the remainder when a is divided by 18.
17
Let x(k) = 4*k**2 - 20*k + 6. Let p = -79 + 85. What is the remainder when x(p) is divided by 8?
6
Let h = 684 - 529. Suppose -3*m + m - 4*y = -56, -5*m + 5*y + h = 0. Suppose 30 = 2*j - 88. Calculate the remainder when j is divided by m.
29
Let n = -475 - -474. Let t = 26 + -16. Calculate the remainder when n - 7 - (-280)/5 is divided by t.
8
Let z(s) = s**2 - 4*s - 1. Let w = 89 - -13. What is the remainder when w is divided by z(9)?
14
Suppose 4*g - 55 = 17. Suppose 278 = 102*z - 28. What is the remainder when g is divided by z?
0
Suppose 5*i + 2*n = 60, -5*i + 5*n + 60 = 3*n. What is the remainder when 69 is divided by (-290)/(-8) - (0 + 3/i)?
33
Let t = 57 + -38. Let f(y) = 1169*y + 5856. What is the remainder when t is divided by f(-5)?
8
Suppose -4*c = 4*f - 48844, 5*c - f - 60929 - 114 = 0. What is the remainder when c is divided by 185?
184
Suppose 7*g + 4*v = 5*g - 192, -312 = 3*g - 2*v. Let s = g - -155. Suppose -5*b - 38 + 128 = 0. Calculate the remainder when s is divided by b.
17
Suppose 3 = f + p, 3*p + 2082 = 3*f + 2043. Calculate the remainder when 614 is divided by f.
6
Suppose 2*a = -v + 9, -3 = 2*a - 0*a + 5*v. Suppose -4*r - a = -5*r. Suppose r*m - 121 = 95. What is the remainder when 106 is divided by m?
34
Let t = 28 - 58. Let y = t + 55. Calculate the remainder when (-38)/(60/16 + -4) + -5 is divided by y.
22
Let c = -106 + 211. Let g(z) be the second derivative of -7*z**3/3 + 11*z**2 + 10*z + 1. Calculate the remainder when c is divided by g(0).
17
Suppose 174*g - 144*g - 1320 = 0. Calculate the remainder when 1235 is divided by g.
3
What is the remainder when (-12 + 165/11)/1 + 8080 is divided by 15?
13
Let a = -2685 - -2692. Calculate the remainder when 24 is divided by a.
3
Let a = -16199 - -16885. Calculate the remainder when a is divided by 95.
21
Let x(s) = s**3 + 12*s**2 - 17*s + 785. Calculate the remainder when x(-16) is divided by 21.
12
Suppose -3*i = 2 - 14, 0 = c - 4*i - 147. Let o = c + -147. Calculate the remainder when 51 is divided by o.
3
Suppose -5*u + 330 = -u + 6*u. Calculate the remainder when 117 is divided by u.
18
Suppose 0 = -y + 5*x - 2 - 41, 4*y + 5*x = -147. Let w = y + 49. Suppose 0 = 4*b - 2*b - 86. Calculate the remainder when b is divided by w.
10
Let s = 5254 - 5242. Calculate the remainder when (-1)/(-1)*(4 - -43) is divided by s.
11
Let k(a) = -2*a - 101. Let y be k(23). Let w = y + 149. Calculate the remainder when w is divided by 1.
0
Let i(a) = -a**3 + 16*a**2 + 12*a - 31. Let h be i(12). Suppose 12*s = 235 + h. What is the remainder when s is divided by 28?
21
Let l = 6 - 1. Let i(a) = -5*a - a**2 - 2 + 0*a**2 - 5*a**2 + 8*a**2. What is the remainder when 63 is divided by i(l)?
17
Suppose i - 131 = 3*x, -4*i = -6*i - 5*x + 306. Suppose 6*m = -i + 17. Let j = 38 + m. What is the remainder when 84 is divided by j?
16
Suppose -1351 = -35*y + 994. Suppose 14*m = 9*m + 50. What is the remainder when y is divided by m?
7
Suppose 0 = 5*t + 2*v - 753, -4*t - 168 = -3*v - 752. What is the remainder when 574 is divided by t?
127
Calculate the remainder when (-204)/54 - -4 - 57018/(-27) is divided by 92.
88
Let i(y) = -y**3 - y**2 - 3*y + 4. Let u be i(0). Suppose -u*v + 900 = 5*l, 6*l - l - 4*v = 860. Calculate the remainder when l is divided by 46.
38
Suppose 2*o - 6*o + 1421 = -5*g, -3*o = -2*g - 1071. Let y(b) = 14*b + 397. Calculate the remainder when o is divided by y(-27).
17
Let o(w) = w + 16. Calculate the remainder when 8 + 0 + 0 - (501 - 714) is divided by o(0).
13
Let n(t) = 43*t - 24. Let b be n(18). Suppose -b = -15*z + 30. What is the remainder when z is divided by 15?
7
Let l(h) = -2*h**3 - 4*h**2 + 10*h + 59. Calculate the remainder when l(-6) is divided by 276.
11
Let k be (-314)/(-13) - (-84)/(-546). Suppose 19*p - k*p - 20 = -2*z, -2*z + 28 = -p. Calculate the remainder when 99 is divided by z.
9
Let w be (24/4)/2 + -3 - -3. Suppose -w*i + 3*b + 138 = 0, -2*b - 94 = -2*i - b. What is the remainder when 52 is divided by (-11)/((-44)/i) + 2?
10
Suppose 3*b + 2*c - 91 = -3*c, 0 = b - 4*c - 36.